6 + -48e?
1107
In base 15, what is -8c7087d - 3?
-8c70881
In base 10, what is 4 + 112453315?
112453319
In base 12, what is -28ab144 - 1?
-28ab145
In base 10, what is 5848108 + 6?
5848114
In base 2, what is 1010100001 - 110101100001011?
-110100001101010
In base 9, what is -51 + 7384841?
7384780
In base 3, what is -1020112001212 + -1122121?
-1020120201110
In base 15, what is 50263bb0 + 1?
50263bb1
In base 7, what is 102633466 + 32?
102633531
In base 16, what is -3d4be2c - 4?
-3d4be30
In base 12, what is -31 + 49b720?
49b6ab
In base 10, what is 8 + -30695446?
-30695438
In base 14, what is 1113ba - -27?
111403
In base 5, what is -1 + -1440412213?
-1440412214
In base 12, what is 0 - 3b610467?
-3b610467
In base 9, what is -5 + 25127332?
25127326
In base 3, what is 101020221111 + 2020?
101021000201
In base 8, what is 10 - -115436646?
115436656
In base 6, what is -53231055324 + 0?
-53231055324
In base 6, what is -5 - 13043250510?
-13043250515
In base 14, what is -8533c + -ad5?
-86033
In base 5, what is 20134 - 11012?
4122
In base 15, what is -333c + 41e?
-2e1d
In base 14, what is -6924b50 - 0?
-6924b50
In base 14, what is -166cb7 - -6?
-166cb1
In base 4, what is -2333 + 1000100012?
1000031013
In base 13, what is 1100 + 2bab6?
2cbb6
In base 7, what is -2433 + -12535?
-15301
In base 4, what is 2310100112 - 2223?
2310031223
In base 6, what is 34513 - 33155?
1314
In base 9, what is 40544 - 645?
38788
In base 8, what is 2 - -12700671?
12700673
In base 2, what is -111 + 1001001001000000101?
1001001000111111110
In base 14, what is -3617cb + 13?
-3617b8
In base 11, what is 5878 + 137?
5a04
In base 4, what is 1211321220312 - 3?
1211321220303
In base 13, what is -4 - -12a0871?
12a086a
In base 5, what is 334343433 - -12?
334344000
In base 12, what is 142768 + 6ba?
143266
In base 3, what is 101 + 10122211100000?
10122211100101
In base 2, what is 11110111000011000110 + -1100011?
11110111000001100011
In base 12, what is -82172 - 54?
-82206
In base 11, what is 2755 - -16a4?
4349
In base 13, what is -1a + -5b5722?
-5b573c
In base 9, what is -2737320564 - -5?
-2737320558
In base 6, what is 23520435 + -4?
23520431
In base 3, what is 10221220021 + 1100211?
11000021002
In base 9, what is -12165777 - -20?
-12165757
In base 14, what is 13607bd + a?
13607c9
In base 13, what is 19 - 8916?
-88ca
In base 7, what is 12541042 + 2?
12541044
In base 5, what is 123331323 + -120?
123331203
In base 15, what is -7 - -2c7425b?
2c74254
In base 8, what is 3 - -4076247?
4076252
In base 2, what is 1010100 + -110010100010100?
-110010011000000
In base 15, what is 2a889 - 51?
2a838
In base 15, what is 15d4 + -1654a?
-14e66
In base 9, what is -137526017 + -12?
-137526030
In base 5, what is -14 + -233230441?
-233231010
In base 10, what is 206957 + 213?
207170
In base 13, what is 680a + -2ac?
652b
In base 11, what is 4279912 + 3?
4279915
In base 3, what is 101020100210 + -20012?
101020010121
In base 11, what is -3383 - 672?
-3a45
In base 14, what is -54 - -7c093?
7c03d
In base 13, what is c44010c - -2?
c440111
In base 6, what is 150 - -3525335?
3525525
In base 12, what is 744a62 - 45?
744a19
In base 14, what is -d5d03 + 71?
-d5c72
In base 14, what is 135 + 1672b8?
16740d
In base 6, what is -33155 - -1330?
-31425
In base 3, what is -10022121020210221100 - -12?
-10022121020210221011
In base 4, what is 132110130002 + 3?
132110130011
In base 4, what is -10211312032 - -31?
-10211312001
In base 8, what is -25422020 + 3?
-25422015
In base 12, what is 0 - -639b9a4?
639b9a4
In base 7, what is -5 - -2002420331?
2002420323
In base 14, what is -16b59 + 796?
-163a3
In base 12, what is -6 - -289674?
28966a
In base 11, what is 2024 - 34?
1aa0
In base 3, what is 20010012012211 + -12?
20010012012122
In base 5, what is 101 + 10034000443?
10034001044
In base 15, what is 605 - 4c19?
-4614
In base 10, what is -61537582 + 3?
-61537579
In base 5, what is 13000304143 + 12?
13000304210
In base 4, what is -20321 - -10212020?
10131033
In base 8, what is 4360434 + 3?
4360437
In base 16, what is 1ec4e + -50?
1ebfe
In base 16, what is -2dcaf + -4?
-2dcb3
In base 16, what is -2 - 160ea2d?
-160ea2f
In base 5, what is 2 + 243232142343?
243232142400
In base 10, what is -4 - -1737574?
1737570
In base 12, what is 7248 - -153b3?
2063b
In base 6, what is -41240511 - -33?
-41240434
In base 12, what is -49 - 4a71a4?
-4a7231
In base 11, what is a7 + -197410?
-197314
In base 15, what is -de - -7bc98e?
7bc8a0
In base 4, what is -322010000 - 2032?
-322012032
In base 8, what is -137 + 656617?
656460
In base 8, what is 0 - 1452317514?
-1452317514
In base 10, what is -5 - 3301237?
-3301242
In base 6, what is 3 + -13523442044?
-13523442041
In base 15, what is c912b - 19?
c9112
In base 2, what is 1000001110000 - -1110011111101?
10110101101101
In base 8, what is -17 + -137765672?
-137765711
In base 9, what is 160 - -66544?
66714
In base 4, what is -3010313210 - -101213?
-3010211331
In base 6, what is -2 + -131020233?
-131020235
In base 3, what is 1000211102012 + 1?
1000211102020
In base 16, what is -21d9 + -148a?
-3663
In base 3, what is -10000012 + 221222002?
211221220
In base 8, what is -2 - -77122331?
77122327
In base 5, what is 4 + 32424323?
32424332
In base 4, what is 1001330330 - 10032?
1001320232
In base 15, what is -598 - 4bc?
-a65
In base 2, what is -1101101010001011111100 - 10011?
-1101101010001100001111
In base 12, what is -7 - 23687?
-23692
In base 2, what is 10100110001001000110 - 1100010?
10100110000111100100
In base 14, what is 855c25 - 1?
855c24
In base 12, what is 1422 - 340a?
-1ba8
In base 3, what is -122122020 - -110?
-122121210
In base 8, what is 1 - 3374410?
-3374407
In base 8, what is -46464555 + 114?
-46464441
In base 2, what is 100000100111001000011000010000 - 101?
100000100111001000011000001011
In base 16, what is -1 - -16e5a45?
16e5a44
In base 16, what is -b - 966ae?
-966b9
In base 4, what is 21000010000 + -2?
21000003332
In base 11, what is -2 + -9090213?
-9090215
In base 4, what is -102 + -10102212313?
-10102213021
In base 4, what is -20 - 211222210231?
-211222210311
In base 12, what is 28774 + -39?
28737
In base 12, what is -4a388 + -b5?
-4a481
In base 2, what is 10110111000111 - -101100000001010?
1000010111010001
In base 16, what is -41dcc + 2d?
-41d9f
In base 4, what is -2111012 - 12032?
-2123110
In base 14, what is 2c4 - 4268?
-3d84
In base 6, what is 104311210150 + 5?
104311210155
In base 3, what is -120 - 1011202120100?
-1011202120220
In base 9, what is -4178088 + -268?
-4178367
In base 9, what is 11213 + 22145?
33358
In base 6, what is -203223 - -1412?
-201411
In base 10, what is 1110 - -7111?
8221
In base 16, what is -1c + -15fe6?
-16002
In base 14, what is 1d095b - -4?
1d0961
In base 2, what is -101010011001011 - -1011000000101?
-11111011000110
In base 7, what is 6 + -612552160?
-612552151
In base 4, what is -11 + 23311230221?
23311230210
In base 7, what is -150500311 - 5?
-150500316
In base 8, what is 23431333 + 12?
23431345
In base 10, what is 208293142 - -4?
208293146
In base 14, what is -651219 - -1?
-651218
In base 13, what is 5 - 1bc4936?
-1bc4931
In base 12, what is 1b383 + 1114?
20497
In base 12, what is -1360734 + -20?
-1360754
In base 10, what is 2 - -15013122?
15013124
In base 13, what is -2 - a816?
-a818
In base 16, what is 91f - -2eda?
37f9
In base 16, what is 1451c0 + 2?
1451c2
In base 10, what is -15 + 17540879?
17540864
In base 4, what is -13122032121133 - 3?
-13122032121202
In base 11, what is -4621996 + 19?
-4621978
In base 6, what is -5 + -110155455?
-110155504
In base 10, what is 2457 + -15180?
-12723
In base 9, what is 5 + -2606763?
-2606757
In base 11, what is -6183 - 63?
-6236
In base 15, what is 2531 + 9eb?
302c
In base 3, what is 1001112002020 + -1201?
1001112000112
In base 10, what is -76 + -46986?
-47062
In base 12, what is -2692ba - 16?
-269314
In base 16, what is -7d2775 + 24?
-7d2751
In base 9, what is 4 + -11213681?
-11213676
In base 14, what is 82 - 1653d6?
-165354
In base 7, what is 442544 + 35442?
511316
In base 15, what is -d8c7bd - -4?
-d8c7b9
In base 12, what is 1 + -5600456?
-5600455
In base 12, what is -1 - 868b16?
-868b17
In base 7, what is -262 - -32543?
32251
In base 3, what is -12 - 1222110200212001?
-1222110200212020
In base 7, what is 5415003616 + -2?
5415003